actor of 482661864 and 2334?
2334
What is the greatest common factor of 5620626 and 121?
11
What is the highest common divisor of 89 and 314846667?
89
What is the highest common factor of 1425152 and 19456?
4864
Calculate the greatest common factor of 6809578 and 9567.
1063
Calculate the greatest common factor of 127749 and 144821.
97
Calculate the greatest common factor of 2288 and 6151522.
26
What is the highest common factor of 152194 and 2352?
98
What is the highest common factor of 40634 and 13730598?
3694
Calculate the highest common divisor of 720 and 7209936.
144
What is the highest common factor of 388949 and 836?
209
Calculate the greatest common divisor of 165334 and 172882133.
6359
What is the highest common divisor of 126429 and 91857?
201
What is the highest common divisor of 67934421 and 9?
9
What is the highest common divisor of 50 and 1038253850?
50
Calculate the highest common divisor of 1504 and 124537592.
376
What is the greatest common factor of 557480371 and 119?
119
Calculate the greatest common factor of 435002 and 289450.
1654
Calculate the highest common factor of 7668 and 2199012.
852
Calculate the highest common factor of 110 and 104100940.
10
Calculate the greatest common factor of 7141114 and 14204.
106
Calculate the highest common divisor of 6537154 and 52.
26
Calculate the greatest common divisor of 140022 and 2133.
27
What is the greatest common divisor of 1032896332 and 60272?
15068
Calculate the highest common factor of 6058989 and 108.
27
What is the highest common factor of 10771614 and 9222?
318
What is the greatest common divisor of 850 and 1415930?
170
What is the highest common factor of 17 and 13657?
1
Calculate the greatest common factor of 28703025 and 2457.
351
Calculate the highest common factor of 650292 and 125208.
564
Calculate the greatest common factor of 15818 and 112760051.
719
Calculate the greatest common factor of 753894 and 2133.
27
What is the highest common factor of 185684810 and 30?
10
What is the highest common factor of 566387564 and 740?
148
What is the highest common divisor of 7385 and 19759306?
1477
What is the greatest common divisor of 46 and 156839783?
23
Calculate the greatest common divisor of 49752 and 433368.
72
Calculate the highest common divisor of 34226216 and 2168.
2168
What is the highest common divisor of 135568 and 178162?
458
Calculate the highest common factor of 386752 and 217408.
64
What is the greatest common factor of 15737835 and 170?
85
Calculate the highest common factor of 4763752 and 19018.
514
What is the greatest common factor of 37248670 and 620?
310
Calculate the highest common factor of 1696 and 223624.
8
What is the highest common divisor of 1469106 and 63342?
306
Calculate the greatest common divisor of 268 and 12447126.
134
What is the highest common factor of 11072 and 589504?
64
What is the greatest common divisor of 2183 and 931549?
37
Calculate the greatest common factor of 9001201 and 44.
11
What is the highest common factor of 264 and 108060579?
33
Calculate the highest common factor of 42 and 3872631.
21
Calculate the highest common factor of 3393 and 2131389.
117
What is the highest common divisor of 29740886 and 644?
322
What is the highest common factor of 222048516 and 171?
57
Calculate the greatest common divisor of 3069 and 2840499.
279
What is the greatest common divisor of 724 and 12612?
4
Calculate the greatest common divisor of 203804280 and 720.
360
Calculate the highest common divisor of 120628 and 429026.
1138
Calculate the greatest common divisor of 37795299 and 1956.
489
Calculate the highest common divisor of 16 and 49031624.
8
Calculate the greatest common divisor of 354 and 19186977.
177
What is the greatest common factor of 10188552 and 144?
24
What is the highest common factor of 7872 and 154288?
16
What is the greatest common factor of 77055 and 425810?
55
What is the greatest common divisor of 22108673 and 62?
31
What is the greatest common divisor of 3915 and 440715465?
3915
Calculate the highest common factor of 280 and 3260635.
35
Calculate the highest common factor of 142 and 375397306.
142
Calculate the greatest common factor of 15474284 and 1184897.
7847
Calculate the highest common factor of 216744 and 917928.
264
What is the highest common factor of 671662 and 48380?
82
Calculate the greatest common factor of 125015 and 154495.
55
What is the greatest common factor of 38601420 and 78?
78
What is the greatest common divisor of 7998962 and 57?
19
What is the highest common divisor of 12800 and 371575?
25
What is the highest common factor of 197 and 717671?
197
Calculate the highest common divisor of 17520 and 4735.
5
What is the highest common factor of 28017 and 43340?
11
Calculate the highest common divisor of 195648 and 43819038.
6114
What is the greatest common factor of 675052650 and 8076?
4038
What is the highest common factor of 4143298 and 58?
2
Calculate the highest common factor of 1422168 and 82632.
264
What is the highest common divisor of 4338232 and 42408?
152
What is the highest common divisor of 1490 and 24355?
5
Calculate the greatest common factor of 17587940 and 38835.
4315
Calculate the highest common factor of 9385344 and 2784.
96
What is the highest common divisor of 623 and 85372?
7
What is the greatest common divisor of 3382496 and 119192?
376
Calculate the greatest common factor of 22 and 3096599.
11
Calculate the highest common divisor of 11686542 and 2010.
402
What is the highest common divisor of 117569407 and 8013?
2671
What is the greatest common divisor of 109 and 19154025?
109
What is the highest common divisor of 3088 and 3290000?
16
What is the greatest common factor of 426760 and 2229680?
1880
What is the highest common factor of 10 and 3580360?
10
What is the greatest common divisor of 2919621 and 6184?
773
What is the highest common divisor of 48 and 168503568?
48
Calculate the highest common factor of 29 and 156556993.
29
What is the greatest common factor of 4360 and 1914476?
436
What is the highest common divisor of 5139 and 288?
9
Calculate the highest common divisor of 729 and 491541.
3
Calculate the highest common factor of 53088 and 15086472.
1896
Calculate the greatest common divisor of 1036 and 7006024.
148
Calculate the greatest common factor of 12 and 15555297.
3
What is the greatest common factor of 31 and 1090781?
1
What is the greatest common factor of 2166 and 5398242?
114
Calculate the greatest common factor of 8064 and 964026.
126
What is the greatest common factor of 7756 and 1356376?
28
What is the greatest common factor of 834302 and 13363?
161
What is the greatest common divisor of 64422175 and 3350?
1675
Calculate the highest common factor of 20196505 and 280.
35
What is the greatest common divisor of 307432 and 1019989?
463
Calculate the greatest common factor of 744 and 398520.
24
What is the highest common factor of 4017 and 3517141?
103
What is the greatest common divisor of 54642141 and 27?
27
Calculate the highest common divisor of 495609877 and 329.
329
Calculate the greatest common divisor of 1081 and 379408.
23
What is the highest common factor of 2049417 and 83997?
549
What is the greatest common divisor of 802016 and 1273456?
1136
Calculate the highest common divisor of 20488 and 9987016.
104
Calculate the highest common factor of 255 and 543458295.
255
What is the highest common factor of 64099875 and 5375?
125
What is the greatest common divisor of 198 and 92770062?
66
What is the highest common divisor of 32 and 20634976?
32
What is the highest common factor of 352308 and 8844?
132
What is the highest common factor of 102122709 and 663?
39
Calculate the greatest common factor of 55843850 and 9975.
475
Calculate the greatest common divisor of 33829205 and 9775.
115
What is the greatest common divisor of 35925085 and 735?
245
What is the highest common divisor of 4472123 and 1411?
83
Calculate the greatest common divisor of 2668 and 393008.
116
Calculate the highest common factor of 4637529 and 12196.
3049
Calculate the greatest common divisor of 57848102 and 1278.
142
Calculate the greatest common divisor of 988 and 229092.
4
What is the greatest common divisor of 737 and 3707?
11
What is the greatest common divisor of 4459 and 344911